{"id":379,"date":"2023-06-04T01:40:03","date_gmt":"2023-06-04T04:40:03","guid":{"rendered":"https:\/\/www.terracuranda.org\/ecos\/?page_id=379"},"modified":"2023-06-05T06:29:02","modified_gmt":"2023-06-05T09:29:02","slug":"vii-jornada-dia-mundial-del-oceano","status":"publish","type":"page","link":"https:\/\/www.terracuranda.org\/ecos\/","title":{"rendered":"VII Jornada D\u00eda Mundial del Oc\u00e9ano"},"content":{"rendered":"\n<h2 class=\"wp-block-heading\"><strong>Planeta Oc\u00e9ano: nuevas mareas se avecinan<\/strong><\/h2>\n\n\n\n<figure class=\"wp-block-embed is-type-video is-provider-youtube wp-block-embed-youtube wp-embed-aspect-16-9 wp-has-aspect-ratio\"><div class=\"wp-block-embed__wrapper\">\n<iframe loading=\"lazy\" title=\"Presentaci\u00f3n de fotograf\u00edas seleccionadas\" width=\"640\" height=\"360\" src=\"https:\/\/www.youtube.com\/embed\/wdX1nWk-9dY?feature=oembed\" frameborder=\"0\" allow=\"accelerometer; autoplay; clipboard-write; encrypted-media; gyroscope; picture-in-picture; web-share\" referrerpolicy=\"strict-origin-when-cross-origin\" allowfullscreen><\/iframe>\n<\/div><\/figure>\n\n\n\n<figure class=\"wp-block-table is-style-stripes\"><table><tbody><tr><td>Bienvenida<\/td><td>Dra. Lilian Ferr\u00e9 <br><em>Directora \u2013 Carrera de Biolog\u00eda -UB<\/em><\/td><td>13:00<\/td><\/tr><tr><td>Tema del D\u00eda Mundial del Oc\u00e9ano 2023<\/td><td>Dra. Cornelia Nauen <br><em>Presidente \u2013 Mundus maris<\/em><\/td><td>13:05<\/td><\/tr><tr><td>Celebrando el D\u00eda Mundial del Oc\u00e9ano 2023 en Argentina<\/td><td>Dra. Stella Williams <br><em>Vicepresidente \u2013 Mundus maris<\/em><\/td><td>13:10<\/td><\/tr><tr><td>\u00c1reas marinas protegidas<\/td><td>Lic. Juan Jones <br><em>Parque Interjurisdiccional Marino Makenke<br>Intendente<\/em><\/td><td>13:30<\/td><\/tr><tr><td>La Agenda 2030 a trav\u00e9s del arte<\/td><td>Dra. Patricia Morales <br><em>Universidad de Lovaina &#8211; B\u00e9lgica<br>Profesora invitada<\/em><\/td><td>13:50<\/td><\/tr><tr><td>Presentaci\u00f3n de la nueva App de Fishbase <em>Lanzamiento mundial simult\u00e1neo<\/em><\/td><td>Mundus maris <br><em>Partner de Q-Quatics<\/em><\/td><td>14:10<\/td><\/tr><tr><td rowspan=\"2\">Debate con panelistas oradores y audiencia<\/td><td>Dra. Paola Gabriela Laurini <br><em>Econom\u00eda de Recursos -UB<\/em><br><em>Profesora<\/em><\/td><td>14:30<\/td><\/tr><tr><td>Dr. Marcelo Morales Yokobori <br><em>Recursos Marinos -UB<br>Profesor<\/em><\/td><td>&nbsp;<\/td><\/tr><tr><td>\u201cThe Book of the Marine World\u201d<br><em>Sorteo de ejemplares impresos<\/em><br><a href=\"https:\/\/1drv.ms\/b\/s!AvZKP0jE0uLWrvtDRvWWHpIdav__mg?e=s8PNoq\" target=\"_blank\" rel=\"noreferrer noopener\">Ver y descargar versi\u00f3n PDF grande<\/a><br><a rel=\"noreferrer noopener\" href=\"https:\/\/1drv.ms\/b\/s!AvZKP0jE0uLWrvtCsF-C11gvmXCe6A?e=NdtLgq\" target=\"_blank\">Ver y descargar versi\u00f3n PDF peque\u00f1a<\/a><\/td><td>&nbsp;<\/td><td>15:00<\/td><\/tr><tr><td>Carla Mar\u00eda Bonelli<br><em>Alumna avanzada de Biolog\u00eda (UB)<\/em><br><em>Asistente de traducci\u00f3n<\/em><\/td><td colspan=\"2\">Bianca Franzolini y Sof\u00eda Ziliotto<br><em>Alumnas de Biolog\u00eda (UB)<\/em><br><em>Coordinadoras<\/em><\/td><\/tr><\/tbody><\/table><\/figure>\n\n\n<div class=\"wp-block-image\">\n<figure class=\"aligncenter size-large\"><img loading=\"lazy\" decoding=\"async\" width=\"1024\" height=\"576\" src=\"https:\/\/www.terracuranda.org\/ecos\/wp-content\/uploads\/2023\/06\/dia-de-los-oceanos-2023-1080-x-1920-APA-1024x576.jpg\" alt=\"\" class=\"wp-image-385\" srcset=\"https:\/\/www.terracuranda.org\/ecos\/wp-content\/uploads\/2023\/06\/dia-de-los-oceanos-2023-1080-x-1920-APA-1024x576.jpg 1024w, https:\/\/www.terracuranda.org\/ecos\/wp-content\/uploads\/2023\/06\/dia-de-los-oceanos-2023-1080-x-1920-APA-300x169.jpg 300w, https:\/\/www.terracuranda.org\/ecos\/wp-content\/uploads\/2023\/06\/dia-de-los-oceanos-2023-1080-x-1920-APA-768x432.jpg 768w, https:\/\/www.terracuranda.org\/ecos\/wp-content\/uploads\/2023\/06\/dia-de-los-oceanos-2023-1080-x-1920-APA-1536x864.jpg 1536w, https:\/\/www.terracuranda.org\/ecos\/wp-content\/uploads\/2023\/06\/dia-de-los-oceanos-2023-1080-x-1920-APA.jpg 1920w\" sizes=\"auto, (max-width: 1024px) 100vw, 1024px\" \/><\/figure>\n<\/div>","protected":false},"excerpt":{"rendered":"<p>Planeta Oc\u00e9ano: nuevas mareas se avecinan Bienvenida Dra. Lilian Ferr\u00e9 Directora \u2013 Carrera de Biolog\u00eda -UB 13:00 Tema del D\u00eda Mundial del Oc\u00e9ano 2023 Dra. Cornelia Nauen Presidente \u2013 Mundus maris 13:05 Celebrando el D\u00eda Mundial del Oc\u00e9ano 2023 en Argentina Dra. Stella Williams Vicepresidente \u2013 Mundus maris 13:10 \u00c1reas marinas protegidas Lic. Juan Jones [&hellip;]<\/p>\n","protected":false},"author":1,"featured_media":0,"parent":0,"menu_order":0,"comment_status":"closed","ping_status":"closed","template":"","meta":{"footnotes":""},"class_list":["post-379","page","type-page","status-publish","hentry"],"jetpack_sharing_enabled":true,"_links":{"self":[{"href":"https:\/\/www.terracuranda.org\/ecos\/wp-json\/wp\/v2\/pages\/379","targetHints":{"allow":["GET"]}}],"collection":[{"href":"https:\/\/www.terracuranda.org\/ecos\/wp-json\/wp\/v2\/pages"}],"about":[{"href":"https:\/\/www.terracuranda.org\/ecos\/wp-json\/wp\/v2\/types\/page"}],"author":[{"embeddable":true,"href":"https:\/\/www.terracuranda.org\/ecos\/wp-json\/wp\/v2\/users\/1"}],"replies":[{"embeddable":true,"href":"https:\/\/www.terracuranda.org\/ecos\/wp-json\/wp\/v2\/comments?post=379"}],"version-history":[{"count":15,"href":"https:\/\/www.terracuranda.org\/ecos\/wp-json\/wp\/v2\/pages\/379\/revisions"}],"predecessor-version":[{"id":416,"href":"https:\/\/www.terracuranda.org\/ecos\/wp-json\/wp\/v2\/pages\/379\/revisions\/416"}],"wp:attachment":[{"href":"https:\/\/www.terracuranda.org\/ecos\/wp-json\/wp\/v2\/media?parent=379"}],"curies":[{"name":"wp","href":"https:\/\/api.w.org\/{rel}","templated":true}]}}

VII Jornada Día Mundial del Océano

<h2 class="wp-block-heading"><strong>Planeta Océano: nuevas mareas se avecinan</strong></h2>



<figure class="wp-block-embed is-type-video is-provider-youtube wp-block-embed-youtube wp-embed-aspect-16-9 wp-has-aspect-ratio"><div class="wp-block-embed__wrapper">
<iframe loading="lazy" title="Presentación de fotografías seleccionadas" width="640" height="360" src="https://www.youtube.com/embed/wdX1nWk-9dY?feature=oembed" frameborder="0" allow="accelerometer; autoplay; clipboard-write; encrypted-media; gyroscope; picture-in-picture; web-share" referrerpolicy="strict-origin-when-cross-origin" allowfullscreen></iframe>
</div></figure>



<figure class="wp-block-table is-style-stripes"><table><tbody><tr><td>Bienvenida</td><td>Dra. Lilian Ferré <br><em>Directora – Carrera de Biología -UB</em></td><td>13:00</td></tr><tr><td>Tema del Día Mundial del Océano 2023</td><td>Dra. Cornelia Nauen <br><em>Presidente – Mundus maris</em></td><td>13:05</td></tr><tr><td>Celebrando el Día Mundial del Océano 2023 en Argentina</td><td>Dra. Stella Williams <br><em>Vicepresidente – Mundus maris</em></td><td>13:10</td></tr><tr><td>Áreas marinas protegidas</td><td>Lic. Juan Jones <br><em>Parque Interjurisdiccional Marino Makenke<br>Intendente</em></td><td>13:30</td></tr><tr><td>La Agenda 2030 a través del arte</td><td>Dra. Patricia Morales <br><em>Universidad de Lovaina &#8211; Bélgica<br>Profesora invitada</em></td><td>13:50</td></tr><tr><td>Presentación de la nueva App de Fishbase <em>Lanzamiento mundial simultáneo</em></td><td>Mundus maris <br><em>Partner de Q-Quatics</em></td><td>14:10</td></tr><tr><td rowspan="2">Debate con panelistas oradores y audiencia</td><td>Dra. Paola Gabriela Laurini <br><em>Economía de Recursos -UB</em><br><em>Profesora</em></td><td>14:30</td></tr><tr><td>Dr. Marcelo Morales Yokobori <br><em>Recursos Marinos -UB<br>Profesor</em></td><td>&nbsp;</td></tr><tr><td>“The Book of the Marine World”<br><em>Sorteo de ejemplares impresos</em><br><a href="https://1drv.ms/b/s!AvZKP0jE0uLWrvtDRvWWHpIdav__mg?e=s8PNoq" target="_blank" rel="noreferrer noopener">Ver y descargar versión PDF grande</a><br><a rel="noreferrer noopener" href="https://1drv.ms/b/s!AvZKP0jE0uLWrvtCsF-C11gvmXCe6A?e=NdtLgq" target="_blank">Ver y descargar versión PDF pequeña</a></td><td>&nbsp;</td><td>15:00</td></tr><tr><td>Carla María Bonelli<br><em>Alumna avanzada de Biología (UB)</em><br><em>Asistente de traducción</em></td><td colspan="2">Bianca Franzolini y Sofía Ziliotto<br><em>Alumnas de Biología (UB)</em><br><em>Coordinadoras</em></td></tr></tbody></table></figure>


<div class="wp-block-image">
<figure class="aligncenter size-large"><img loading="lazy" decoding="async" width="1024" height="576" src="https://www.terracuranda.org/ecos/wp-content/uploads/2023/06/dia-de-los-oceanos-2023-1080-x-1920-APA-1024x576.jpg" alt="" class="wp-image-385" srcset="https://www.terracuranda.org/ecos/wp-content/uploads/2023/06/dia-de-los-oceanos-2023-1080-x-1920-APA-1024x576.jpg 1024w, https://www.terracuranda.org/ecos/wp-content/uploads/2023/06/dia-de-los-oceanos-2023-1080-x-1920-APA-300x169.jpg 300w, https://www.terracuranda.org/ecos/wp-content/uploads/2023/06/dia-de-los-oceanos-2023-1080-x-1920-APA-768x432.jpg 768w, https://www.terracuranda.org/ecos/wp-content/uploads/2023/06/dia-de-los-oceanos-2023-1080-x-1920-APA-1536x864.jpg 1536w, https://www.terracuranda.org/ecos/wp-content/uploads/2023/06/dia-de-los-oceanos-2023-1080-x-1920-APA.jpg 1920w" sizes="auto, (max-width: 1024px) 100vw, 1024px" /></figure>
</div>

<p>Planeta Océano: nuevas mareas se avecinan Bienvenida Dra. Lilian Ferré Directora – Carrera de Biología -UB 13:00 Tema del Día Mundial del Océano 2023 Dra. Cornelia Nauen Presidente – Mundus maris 13:05 Celebrando el Día Mundial del Océano 2023 en Argentina Dra. Stella Williams Vicepresidente – Mundus maris 13:10 Áreas marinas protegidas Lic. Juan Jones [&hellip;]</p>
